12
Suppose -28 + 9 = -n. Let p = 29 - n. Calculate the greatest common divisor of p and 10.
10
Suppose f = -3*j - 964, 4*f - 330 = -j + 2*j. Let p be 0/(-2) + j/7. Let i = p - -122. What is the greatest common divisor of 19 and i?
19
Let h(d) = 26*d**3 - d**2 - d + 1. Let z be h(1). Let v = -14 + z. Calculate the greatest common divisor of v and 33.
11
Let f = 148 - 145. Let z be 20/f*4/((-24)/(-9)). Calculate the highest common divisor of 160 and z.
10
Let b(n) = 6*n**3 - 7*n**2 + 3*n + 4. Let x be b(4). Calculate the highest common factor of x and 32.
32
Let j(w) = 10*w - 2. Let l be j(1). Let v be 6 - l - (0 + -17). Calculate the greatest common factor of v and 6.
3
Let v(k) = -11*k**2 - k + 4. Let d be v(-2). Let b = -26 - d. Let w be (112/b)/((-1)/(-3)). What is the highest common divisor of w and 14?
14
Suppose 4*u = u + 6. Calculate the greatest common divisor of u and 10.
2
Let u be 40/160 - (-2099)/4. What is the highest common divisor of 21 and u?
21
Suppose 46*d = 916 + 694. Suppose 2*x - 1569 = -5*o, -7*x + 2*x + 930 = 3*o. What is the greatest common divisor of o and d?
35
Let h be 741 - (3 - -10 - 4)/3. Calculate the highest common divisor of h and 18.
18
Let u = -1330 - -1341. What is the greatest common factor of u and 2497?
11
Let r(v) = v**3 + 22*v**2 - 56*v + 22. Let x be r(-24). Calculate the greatest common divisor of 1391 and x.
107
Let z(h) = 45*h - 433. Let w be z(10). Calculate the highest common divisor of w and 731.
17
Let r be 2 + 598 + 0*(-2 - -1). Calculate the highest common divisor of r and 48.
24
Let x(k) = k**2 - 10*k + 16. Let i be x(12). Let c be (7/14)/(1/10). Calculate the greatest common factor of i and c.
5
Let l = 16 + -9. Let k(g) = 4*g - 26. Let j be k(29). Let h be (-2)/1 + j/(3 + 0). Calculate the greatest common factor of l and h.
7
Let m be -1*(-12)/78 - 1752/(-104). Suppose 0 = s - 4*q - 101, 2*s + 5*q = 4*s - 190. Calculate the highest common factor of s and m.
17
Let j(i) = i - 7. Let x be j(7). Suppose -4*u + 297 = -b, -4*u + 291 = -x*u - 3*b. Let y = -196 - -246. Calculate the highest common factor of y and u.
25
Let i(h) = h**3 - h**2 + 6*h - 6. Let s be i(6). Suppose -5*m - 30 = -0*m. Let n = 27 + m. Calculate the greatest common factor of s and n.
21
Let j = 85 + 8. What is the highest common factor of j and 62?
31
Let n = 83 - -87. Calculate the highest common divisor of 20 and n.
10
Let m(s) = 10*s. Let k(t) = -t. Let o be k(-2). Let g be m(o). What is the greatest common factor of g and 8?
4
Suppose 35*n - 1659 - 2541 = 0. Calculate the highest common factor of 45 and n.
15
Suppose -8*p + 6*p + 26 = 0. Suppose -p*y + 3388 = y. What is the highest common factor of y and 22?
22
Suppose 3*c + 3*x + 9 = 0, 0 = 3*c - 5*x - 4 - 3. Let i be (3/6)/((-1)/10). Let y = c - i. Calculate the greatest common divisor of 20 and y.
4
Let s = -151 - -203. What is the highest common factor of 130 and s?
26
Let c(m) = -m**2 + 18*m - 36. Let b be c(5). Calculate the highest common divisor of 841 and b.
29
Let o be 4 - ((2 - 3) + (-2 - -3)). Let x be 230/26 + o/26 - -3. What is the greatest common divisor of 12 and x?
12
Suppose 5*q + 80 = 5*t, -3*t - 2*q - 3*q + 56 = 0. Suppose 0 = 20*v - 21*v + 153. Calculate the highest common factor of v and t.
17
Let q be 585 - (3 - 21/3) - -6. What is the highest common divisor of 17 and q?
17
Suppose -5*i + 3*p + 537 = 0, -4*i + 2*p + 429 = -p. What is the greatest common divisor of 162 and i?
54
Suppose 3*c - 154 = -4*c. Let m be -1 - (-12)/(5/5). Calculate the highest common divisor of c and m.
11
Let j be 9 + -2*2/4. Suppose -3*r + 152 - 9 = 4*c, -5*c - 3*r + 175 = 0. What is the greatest common divisor of c and j?
8
Suppose -19*r = -23*r - 84. Let z be (-2)/(-3) - 364/r. Let t(n) = -19*n + 10. Let f be t(-8). What is the greatest common factor of z and f?
18
Suppose -9*h = -14*h + 135. Let i be 9/(-3 - (2 - 6)). Calculate the highest common divisor of i and h.
9
Let m be 48/(-36)*(-1)/(-2)*-12. What is the greatest common divisor of 36 and m?
4
Let r(d) = -1 + 3*d**2 + 4*d**2 - 6*d**2 + 8*d. Let i be r(-10). Suppose a + i = 3*k + 3, -4*k = -3*a - 13. Calculate the highest common divisor of k and 56.
7
Suppose -40 = 12*g - 17*g. Let f be (24/(-7))/(g/(-56)). What is the highest common divisor of 168 and f?
24
Suppose -5*g + f + 722 = 0, -f - 4*f - 442 = -3*g. Let r(d) = -d**3 + 14*d**2 - d + 30. Let y be r(14). Calculate the highest common divisor of g and y.
16
Suppose 0 = 166*y - 173*y + 35. What is the greatest common factor of y and 43?
1
Let x(g) = g**3 - 12*g**2 + 17*g - 13. Let a be x(11). What is the highest common divisor of a and 212?
53
Suppose -562 = -5*j - d, -j = -2*d - 96 - 12. Let z = -88 + j. Calculate the greatest common divisor of z and 24.
24
Let y(x) = -x**2 - x + 4. Let a be y(0). Suppose -a*d - 23 = -59. What is the highest common factor of 18 and d?
9
Let m be ((-31744)/(-192))/(2/3). What is the greatest common divisor of m and 31?
31
Let d(w) = w**3 - 2*w**2 + w + 3. Let o be d(0). Suppose 62 + 43 = o*z. What is the highest common factor of 7 and z?
7
Suppose -3*x - 1 + 13 = q, 4*x - 16 = -3*q. Suppose -4*i + 12 = x. What is the greatest common divisor of 8 and i?
2
Let t(r) = 2*r - 5. Let z be t(10). Let l be 10*(6/z - -2). Let d be (-8)/l + 52/3. What is the greatest common factor of d and 119?
17
Let t(f) = 49*f + 358. Let x be t(-6). What is the greatest common factor of 1088 and x?
64
Let q be (-16)/24*(-237 + 0) - 4. Calculate the highest common divisor of q and 42.
14
Let a be ((-16)/(-20))/((-4)/10). Let j be (-22 - a)*(-6)/12. What is the highest common factor of j and 30?
10
Let c = -22 - -21. Let d be 4/(4/(-20) - c). Suppose -u = d*r - 41, 3*u - u - 1 = -r. Calculate the greatest common divisor of r and 1.
1
Let x be 2354/18 + 8/36. Suppose s - x = 199. Suppose -s = 2*j - 5*j. What is the highest common factor of 10 and j?
10
Let m = -41 - -72. Suppose 3*l - m = -7. What is the highest common divisor of 24 and l?
8
Suppose k - 4 = -n, -k - 2*n + 5 = -1. What is the greatest common divisor of 16 and k?
2
Let a(h) = -1 + 4*h + 1 + 4. Let f be a(8). What is the greatest common divisor of f and 27?
9
Suppose 771 = t - 4*g, 3*t - 8*t + 3831 = 4*g. Calculate the highest common factor of t and 13.
13
Suppose -10*s = 3*s - 546. Let u be (10/4)/(3/6). Suppose -1 = -r, -1 + 8 = 2*q - u*r. Calculate the highest common factor of s and q.
6
Let c(s) = -33*s - 57. Let x be c(-3). What is the greatest common divisor of x and 546?
42
Let u(h) = 44*h - 164. Let s be u(4). Calculate the highest common factor of s and 12.
12
Let h = -1217 - -1550. Calculate the highest common divisor of 37 and h.
37
Let l = -49 - -38. Let w = -5 - l. What is the greatest common divisor of 30 and w?
6
Let a = 1 + 0. Let z(v) = 2*v**2 + 4*v - 1. Let k(o) = o**2 + o. Let d(b) = 8*k(b) - 3*z(b). Let x be d(2). What is the highest common divisor of x and a?
1
Let w = -12641 + 12701. Let o(m) = -10*m. Let f be o(-4). Calculate the highest common factor of f and w.
20
Let b = -3343 + 6955. What is the greatest common factor of b and 14?
14
Suppose 56*h = 49*h + 21. What is the highest common factor of 213 and h?
3
Let u be 54276/21 + 18/42. Calculate the greatest common factor of 47 and u.
47
Suppose -7*n + 3*n + 12 = 0. Suppose 3*c - 2*g - 3*g - 58 = 0, 3*g = -n*c + 18. Suppose 10*r = c*r - 84. Calculate the highest common factor of r and 21.
21
Let q(g) = g**2 + 8*g + 58. Let f be q(-16). What is the greatest common factor of f and 2?
2
Let z = 5 - -73. Calculate the greatest common factor of z and 65.
13
Suppose 56 = 5*o + c, 7*c - 11*c = 4*o - 48. Suppose -4*d = -181 - o. Calculate the highest common factor of 32 and d.
16
Suppose -35 = -2*q + 247. Let w = -127 + q. What is the highest common factor of 2 and w?
2
Let u(a) = -45*a - 1. Let x be u(-1). Let n be -4 + 40/(-16)*-6. Calculate the greatest common divisor of n and x.
11
Let j be 62 - (2 + 0)*1. What is the highest common divisor of j and 24?
12
Let h be (-2 + 0 - 3) + 3. Let s be (-2 - (-6)/h) + -2. Let d be s/(2*(-3)/12). What is the highest common divisor of 126 and d?
14
Suppose 1128 = -117*i + 129*i. Calculate the highest common divisor of 2538 and i.
94
Suppose 0 = -f + 5*y - 19, 5*f = 5*y - 17 + 